629 composite?
True
Is 955525339 prime?
False
Is 969508187 composite?
False
Is 13861374697 prime?
True
Is 13874068513 a prime number?
False
Is 1713777089 prime?
False
Is 6069048749 a composite number?
True
Is 6787307393 a composite number?
True
Is 3146956409 a composite number?
True
Is 598433513 a composite number?
False
Is 5587376999 a prime number?
False
Is 2685003241 a composite number?
False
Is 1646710957 a composite number?
True
Is 183721333 a prime number?
False
Is 2303547889 a prime number?
False
Is 2731713619 prime?
False
Is 43468176253 prime?
True
Is 107135121529 prime?
True
Is 47312067037 a prime number?
False
Is 860372561 composite?
False
Is 35460121379 a composite number?
True
Is 9974446697 a composite number?
False
Is 1628858551 a composite number?
True
Is 2076344003 prime?
False
Is 12121860943 a composite number?
True
Is 4307861119 composite?
True
Is 490630471 prime?
False
Is 337563041 a composite number?
False
Is 15646403783 composite?
True
Is 15578113 composite?
False
Is 3954425071 a prime number?
False
Is 13362248519 a composite number?
False
Is 2368973863 prime?
True
Is 7201351 a composite number?
False
Is 9264255671 a prime number?
False
Is 46643659 a prime number?
True
Is 3617607151 prime?
False
Is 10941173363 a composite number?
True
Is 28820119 a composite number?
False
Is 53121545101 a prime number?
False
Is 24448332035 a prime number?
False
Is 6125139613 composite?
False
Is 15892005139 prime?
True
Is 307006697 composite?
False
Is 1611727853 composite?
False
Is 62263535627 a composite number?
False
Is 716454107 composite?
True
Is 1192690721 a prime number?
True
Is 14378267273 composite?
False
Is 8405959246 prime?
False
Is 21703542755 a prime number?
False
Is 115792968827 prime?
True
Is 6364090543 prime?
True
Is 207962323 a prime number?
True
Is 3190940827 a composite number?
False
Is 1185592921 a composite number?
False
Is 9554915009 a composite number?
False
Is 146454490531 prime?
False
Is 273014527 a prime number?
False
Is 51596886529 prime?
True
Is 14568895847 a prime number?
False
Is 106230362047 a composite number?
True
Is 15729575506 a prime number?
False
Is 9785218379 composite?
True
Is 12267881597 a prime number?
False
Is 1430018959 prime?
True
Is 2870890549 prime?
False
Is 964907263 a prime number?
True
Is 1608423469 prime?
False
Is 34513528559 composite?
False
Is 4561759607 prime?
True
Is 67691499097 a composite number?
False
Is 239907601 a prime number?
True
Is 15110412461 a prime number?
True
Is 10846326707 a composite number?
True
Is 74659609 prime?
True
Is 46713257641 prime?
True
Is 7499788789 composite?
False
Is 334205617 composite?
True
Is 40055864881 a prime number?
False
Is 212729707 a composite number?
True
Is 2212382849 prime?
False
Is 3636127111 a composite number?
True
Is 32040588821 a prime number?
True
Is 1869634447 a composite number?
True
Is 3461168441 prime?
False
Is 1632439829 prime?
False
Is 2461141678 prime?
False
Is 25796470673 prime?
True
Is 25641709519 prime?
True
Is 566736907 a composite number?
True
Is 225398021 a prime number?
False
Is 162766733 composite?
True
Is 1294544129 prime?
True
Is 2468501729 composite?
False
Is 12817084711 a composite number?
True
Is 73076220779 composite?
True
Is 19862941199 a prime number?
True
Is 10152625673 composite?
False
Is 12132850403 a composite number?
True
Is 672313379 a prime number?
False
Is 6805530461 a composite number?
False
Is 356825279 composite?
False
Is 14817698107 prime?
True
Is 4985927983 composite?
False
Is 219978264797 a composite number?
True
Is 109965641 a composite number?
True
Is 7004798531 composite?
False
Is 5131897427 composite?
False
Is 34252783883 a prime number?
True
Is 489080603 a composite number?
True
Is 20766841135 a prime number?
False
Is 1630256983 a prime number?
True
Is 496896989 a prime number?
False
Is 12881257177 prime?
True
Is 2182227739 prime?
True
Is 74583297337 a composite number?
True
Is 1240812659 a prime number?
False
Is 15260560135 a composite number?
True
Is 4463868917 composite?
False
Is 19116187613 a prime number?
False
Is 12392688299 prime?
False
Is 168504337 prime?
True
Is 1230492817 prime?
True
Is 11224292957 a composite number?
False
Is 458730753697 a prime number?
True
Is 3134254559 a prime number?
True
Is 7587381866 prime?
False
Is 2243678449 a composite number?
True
Is 3366026211 prime?
False
Is 93982397 prime?
True
Is 11693014583 a prime number?
True
Is 19344503287 composite?
False
Is 1279088207 composite?
False
Is 84916932757 a composite number?
True
Is 4515740881 prime?
False
Is 678763379 composite?
True
Is 4316388049 prime?
True
Is 76728893 composite?
False
Is 26185453771 composite?
False
Is 2685665711 a composite number?
True
Is 30649860231 a composite number?
True
Is 133619289391 a composite number?
True
Is 5035808651 a prime number?
False
Is 1402218557 prime?
False
Is 1251183257 prime?
True
Is 677835461 a prime number?
False
Is 2962193177 a prime number?
False
Is 49866746897 a prime number?
False
Is 24868567 composite?
False
Is 17147279098 a prime number?
False
Is 8928343 prime?
False
Is 19330665329 a prime number?
False
Is 6433102999 composite?
False
Is 30763930111 composite?
False
Is 127781925409 a prime number?
False
Is 17767833371 composite?
False
Is 43260233881 composite?
False
Is 21233205523 prime?
True
Is 31716475759 composite?
True
Is 15124385699 a composite number?
True
Is 1724538017 a composite number?
True
Is 9347874319 a prime number?
False
Is 12545288849 composite?
False
Is 4894466053 composite?
False
Is 2486415199 a prime number?
False
Is 46142531 prime?
False
Is 616870043 a composite number?
True
Is 2785885969 composite?
False
Is 864780271 a composite number?
False
Is 18087222071 composite?
False
Is 1652075263 composite?
False
Is 3875625382 a prime number?
False
Is 5293394609 a composite number?
False
Is 62253781 a composite number?
False
Is 207972731 composite?
False
Is 88258697 composite?
True
Is 4422853751 prime?
False
Is 19683877119 a prime number?
False
Is 3106742767 prime?
False
Is 3443788537 a prime number?
False
Is 8605081559 a composite number?
True
Is 819770867 prime?
True
Is 67401333289 a composite number?
False
Is 89097951 a composite number?
True
Is 337315519 a prime number?
True
Is 53623007278 composite?
True
Is 30321649669 a prime number?
False
Is 1252978283 prime?
True
Is 722866933 composite?
True
Is 150335347 prime?
True
Is 679721383 a prime number?
False
Is 14686831163 composite?
False
Is 6366424619 a prime number?
False
Is 16228900091 a composite number?
False
Is 156954368437 a composite number?
True
Is 462251797 composite?
True
Is 509087233 a composite number?
False
Is 86176185799 a prime number?
False
Is 186252478862 prime?
False
Is 4630139434 prime?
False
Is 302999306 composite?
True
Is 130352137 a prime number?
True
Is 3815599421 composite?
True
Is 13851678791 prime?
False
Is 125964671 prime?
False
Is 1762364599 prime?
True
Is 105107688241 a prime number?
False
Is 1376293483 a composite number?
False
Is 25651967 a prime number?
False
Is 725392691 a prime number?
False
Is 9213283 a composite number?
False
Is 9839952341 composite?
False
Is 8619387485 composite?
True
Is 57524137877 composite?
False
Is 12468499843 a composite number?
True
Is 1319132653 composite?
False
Is 638373679 a prime number?
True
Is 391798531 prime?
True
Is 14278000867 a composite number?
True
Is 174479959409 prime?
False
Is 234446132387 prime?
False
Is 1891235681 composite?
False
Is 7398930659 prime?
False
Is 11940084067 composite?
True
Is 34058715463 a prime number?
True
Is 10038557281 composite?
False
Is 165832829779 prime?
False
Is 35437271 a prime number?
True
Is 27303400423 prime?
False
Is 1777041961 prime?
False
Is 4546032061 a composite number?
False
Is 33352080991 a prime number?
False
Is 802256107 a composite number?
False
Is 3701728421 a prime number?
True
Is 1022992987 a prime number?
False
Is 124561211 a prime number?
False
Is 3816895417 prime?
True
Is 1611185 a prime number?
False
Is 1311186433 a composite number?
False
Is 8224700797 composite?
False
Is 17873495657 composite?
False
Is 1910717411 a composite number?
False
Is 1102920061 composite?
True
Is 5241484889 a prime number?
True
Is 813965807 prime?
True
Is 379081307 a prime number?
False
Is 3196875503 prime?
Tr